{"id":16950,"date":"2021-06-24T16:44:47","date_gmt":"2021-06-24T16:44:47","guid":{"rendered":"https:\/\/hidroelectric.cl\/sitio\/?post_type=product&#038;p=16950"},"modified":"2024-02-14T16:33:16","modified_gmt":"2024-02-14T16:33:16","slug":"valvula-de-bola-serie-estandar-d50-11-2-dn-40","status":"publish","type":"product","link":"https:\/\/hidroelectric.cl\/sitio\/producto\/valvula-de-bola-serie-estandar-d50-11-2-dn-40\/","title":{"rendered":"V\u00c1LVULA DE BOLA SERIE EST\u00c1NDAR D50 11\/2&#8243; DN 40"},"content":{"rendered":"<p>V\u00e1lvula de bola serie est\u00e1ndar encolar, marca CEPEX procedencia U.S.A.<\/p>\n<p>V\u00e1lvulas 100% certificadas por organismos m\u00e1s exigentes a nivel mundial y testeadas en fabrica, para una optima calidad y fiabilidad.<\/p>\n<p>Descripci\u00f3n<\/p>\n<p>Sistema \u00abANTIBLOCK\u00bb que evita el bloqueo de la bola.<\/p>\n<ul>\n<li>M\u00ednima perdida de carga<\/li>\n<li>Bajo par de maniobra de apertura y cierre.<\/li>\n<li>Resistencia a m\u00faltiples substancias qu\u00edmicas inorg\u00e1nicas.<\/li>\n<li>Excelentes caracter\u00edsticas de conducci\u00f3n<\/li>\n<li>Bajo par\u00e1metros de norma ISO 16135<\/li>\n<\/ul>\n<p>Instrucciones de montaje<br \/>\nUniones encoladas o roscadas<\/p>\n<p>Afloje las tuercas (3) de la v\u00e1lvula y separelas de los manguitos (5). Introduzca las tuercas en los tubos y a continuaci\u00f3n fije los manguitos en los extremos del tubo. Las uniones encoladas<br \/>\nse realizar\u00e1n con un adhesivo para tubos de PVC-U o PVC-C r\u00edgido y no se aplicar\u00e1 presi\u00f3n hasta transcurridas al menos 1 hora por bar. En las uniones roscadas se colocar\u00e1 cinta de<br \/>\nPTFE en las roscas macho. A continuaci\u00f3n ya podr\u00e1 colocarse la v\u00e1lvula entre los manguitos y apretar a mano las tuercas sobre la v\u00e1lvula.<\/p>\n<p><a href=\"https:\/\/hidroelectric.cl\/sitio\/wp-content\/uploads\/2018\/09\/CONEXION-VALVULA-BOLA-2.jpg\"><img decoding=\"async\" src=\"https:\/\/hidroelectric.cl\/sitio\/wp-content\/uploads\/2018\/09\/CONEXION-VALVULA-BOLA-2-117x300.jpg\" alt=\"\" width=\"117\" height=\"300\" class=\"alignnone size-medium wp-image-469\" srcset=\"https:\/\/hidroelectric.cl\/sitio\/wp-content\/uploads\/2018\/09\/CONEXION-VALVULA-BOLA-2-117x300.jpg 117w, https:\/\/hidroelectric.cl\/sitio\/wp-content\/uploads\/2018\/09\/CONEXION-VALVULA-BOLA-2.jpg 206w\" sizes=\"(max-width: 117px) 100vw, 117px\" \/><\/a><\/p>\n<p>Caracter\u00edsticas<\/p>\n<ul>\n<li>Cuerpo: en PVC-U<\/li>\n<li>Pegado: Hilo interior<\/li>\n<li>Serie m\u00e9trica<\/li>\n<li>Bola: en HDPE<\/li>\n<li>Anillos t\u00f3ricos: en EPDM<\/li>\n<li>Di\u00e1metro (D): 50<\/li>\n<li>Di\u00e1metro Nominal (DN): 40<\/li>\n<li>Presi\u00f3n Nominal (PN): 16<\/li>\n<li>Presi\u00f3n: 240 psi<\/li>\n<li>Temperatura: Min 10\u00b0C &#8211; M\u00e1x 60\u00b0C<\/li>\n<li>Distintivo: Az\u00fal<\/li>\n<\/ul>\n<p>&nbsp;<\/p>\n","protected":false},"excerpt":{"rendered":"<p>V\u00e1lvula de bola serie est\u00e1ndar encolar, marca CEPEX procedencia U.S.A. V\u00e1lvulas 100% certificadas por organismos m\u00e1s exigentes a nivel mundial y testeadas en fabrica, para una optima calidad y fiabilidad. Descripci\u00f3n Sistema \u00abANTIBLOCK\u00bb que evita el bloqueo de la bola. M\u00ednima perdida de carga Bajo par de maniobra de apertura [&hellip;]<\/p>\n","protected":false},"featured_media":16952,"comment_status":"open","ping_status":"closed","template":"","meta":[],"product_brand":[],"product_cat":[56],"product_tag":[60],"class_list":{"0":"post-16950","1":"product","2":"type-product","3":"status-publish","4":"has-post-thumbnail","6":"product_cat-valvulas-y-pvc","7":"product_tag-valvulas-pvc","9":"first","10":"instock","11":"taxable","12":"shipping-taxable","13":"purchasable","14":"product-type-simple"},"_links":{"self":[{"href":"https:\/\/hidroelectric.cl\/sitio\/wp-json\/wp\/v2\/product\/16950","targetHints":{"allow":["GET"]}}],"collection":[{"href":"https:\/\/hidroelectric.cl\/sitio\/wp-json\/wp\/v2\/product"}],"about":[{"href":"https:\/\/hidroelectric.cl\/sitio\/wp-json\/wp\/v2\/types\/product"}],"replies":[{"embeddable":true,"href":"https:\/\/hidroelectric.cl\/sitio\/wp-json\/wp\/v2\/comments?post=16950"}],"version-history":[{"count":1,"href":"https:\/\/hidroelectric.cl\/sitio\/wp-json\/wp\/v2\/product\/16950\/revisions"}],"predecessor-version":[{"id":17303,"href":"https:\/\/hidroelectric.cl\/sitio\/wp-json\/wp\/v2\/product\/16950\/revisions\/17303"}],"wp:featuredmedia":[{"embeddable":true,"href":"https:\/\/hidroelectric.cl\/sitio\/wp-json\/wp\/v2\/media\/16952"}],"wp:attachment":[{"href":"https:\/\/hidroelectric.cl\/sitio\/wp-json\/wp\/v2\/media?parent=16950"}],"wp:term":[{"taxonomy":"product_brand","embeddable":true,"href":"https:\/\/hidroelectric.cl\/sitio\/wp-json\/wp\/v2\/product_brand?post=16950"},{"taxonomy":"product_cat","embeddable":true,"href":"https:\/\/hidroelectric.cl\/sitio\/wp-json\/wp\/v2\/product_cat?post=16950"},{"taxonomy":"product_tag","embeddable":true,"href":"https:\/\/hidroelectric.cl\/sitio\/wp-json\/wp\/v2\/product_tag?post=16950"}],"curies":[{"name":"wp","href":"https:\/\/api.w.org\/{rel}","templated":true}]}}