{"id":16988,"date":"2021-10-14T13:44:21","date_gmt":"2021-10-14T13:44:21","guid":{"rendered":"https:\/\/hidroelectric.cl\/sitio\/?post_type=product&#038;p=16988"},"modified":"2023-08-01T00:00:50","modified_gmt":"2023-08-01T00:00:50","slug":"bomba-centrifuga-prisma-25-4m-espa","status":"publish","type":"product","link":"https:\/\/hidroelectric.cl\/sitio\/producto\/bomba-centrifuga-prisma-25-4m-espa\/","title":{"rendered":"BOMBA CENTR\u00cdFUGA PRISMA 1,2HP ESPA"},"content":{"rendered":"<p>Bomba centr\u00edfuga multietapa para suministro de agua, Superficie horizontal. Modelo PRISMA 25 4M marca ESPA, procedencia ESPA\u00d1A<\/p>\n<p><a href=\"https:\/\/hidroelectric.cl\/sitio\/wp-content\/uploads\/2018\/08\/logo-espa.png\"><img loading=\"lazy\" decoding=\"async\" src=\"https:\/\/hidroelectric.cl\/sitio\/wp-content\/uploads\/2018\/08\/logo-espa-300x129.png\" alt=\"\" width=\"300\" height=\"129\" class=\"alignnone size-medium wp-image-560\" srcset=\"https:\/\/hidroelectric.cl\/sitio\/wp-content\/uploads\/2018\/08\/logo-espa-300x129.png 300w, https:\/\/hidroelectric.cl\/sitio\/wp-content\/uploads\/2018\/08\/logo-espa.png 450w\" sizes=\"auto, (max-width: 300px) 100vw, 300px\" \/><\/a><\/p>\n<p><strong>Descripci\u00f3n:<\/strong><\/p>\n<p>Bomba de aguas limpias para uso dom\u00e9stico, industrial, agr\u00edcola y jardiner\u00eda.\u00a0 Adecuada para aplicaciones como: trasvase de agua, riego por aspersi\u00f3n o goteo presurizaci\u00f3n dom\u00e9stica o equipos de presi\u00f3n.\u00a0 Silenciosa, auto aspirante hasta 2m.\u00a0 <strong>Sin cable incluido.<\/strong><\/p>\n<p><span>La bomba centrifuga ESPA posee un motor completamente cerrado, con <\/span><span>ventilaci\u00f3n exterior, suficientemente dimensionado para resistir el trabajo requerido.<\/span><br \/>\n<span>Adem\u00e1s la bomba centrifuga ESPA posee unos grandes impulsores optimizados constructivamente para obtener presiones elevadas con un m\u00ednimo <\/span><span>de etapas. Cada etapa admite individualmente una presi\u00f3n de m\u00e1s de 10 metros.<\/span><\/p>\n<ul>\n<li>Potencia: 1,2HP \/ <strong>0,9Kw (P2 motor)<\/strong><\/li>\n<li>Corriente: 230V &#8211; 50Hz.<\/li>\n<li>Potencia absorbida: <strong>(P1) 1,5Kw<\/strong><\/li>\n<li>Intensidad: 6,8<\/li>\n<li>Protecci\u00f3n: IPX5<\/li>\n<li>Aislamiento: clase F<\/li>\n<li>Motor: 2 polos<\/li>\n<li>Conexi\u00f3n: 1&#8243; x 1&#8243;<\/li>\n<li>Filtra hasta: 9m3\/h<\/li>\n<li>Operaci\u00f3n: Continua<\/li>\n<li>Altura manom\u00e9trica m\u00e1xima: 10,2 metros.<\/li>\n<li>Auto aspiraci\u00f3n: hasta 2 m3\/h.<\/li>\n<li>Presi\u00f3n m\u00e1xima de trabajo: 16 bar.<\/li>\n<li>Temperatura m\u00e1xima de liquido (C\u00b0): min 4\u00b0C- max 35\u00b0C.<\/li>\n<li>Limitaciones: Temperatura m\u00e1xima 40\u00b0C<\/li>\n<li>Recomendada para filtro: 300mm &#8211; 400mm<\/li>\n<\/ul>\n<p><strong>Equipamiento:<\/strong><\/p>\n<ul>\n<li>Pie\/ Base: incluidos<\/li>\n<li>Racores: Encolar.<\/li>\n<li>Tap\u00f3n de purga: Si.<\/li>\n<li>V\u00e1lvula de retenci\u00f3n.<\/li>\n<\/ul>\n","protected":false},"excerpt":{"rendered":"<p>Bomba centr\u00edfuga multietapa para suministro de agua, Superficie horizontal. Modelo PRISMA 25 4M marca ESPA, procedencia ESPA\u00d1A Descripci\u00f3n: Bomba de aguas limpias para uso dom\u00e9stico, industrial, agr\u00edcola y jardiner\u00eda.\u00a0 Adecuada para aplicaciones como: trasvase de agua, riego por aspersi\u00f3n o goteo presurizaci\u00f3n dom\u00e9stica o equipos de presi\u00f3n.\u00a0 Silenciosa, auto aspirante [&hellip;]<\/p>\n","protected":false},"featured_media":16989,"comment_status":"open","ping_status":"closed","template":"","meta":[],"product_cat":[35],"product_tag":[120,41],"class_list":["post-16988","product","type-product","status-publish","has-post-thumbnail","hentry","product_cat-sistemas-de-impulsion-de-agua","product_tag-bomba-centrifuga","product_tag-electrobomba-piscina"],"_links":{"self":[{"href":"https:\/\/hidroelectric.cl\/sitio\/wp-json\/wp\/v2\/product\/16988","targetHints":{"allow":["GET"]}}],"collection":[{"href":"https:\/\/hidroelectric.cl\/sitio\/wp-json\/wp\/v2\/product"}],"about":[{"href":"https:\/\/hidroelectric.cl\/sitio\/wp-json\/wp\/v2\/types\/product"}],"replies":[{"embeddable":true,"href":"https:\/\/hidroelectric.cl\/sitio\/wp-json\/wp\/v2\/comments?post=16988"}],"wp:featuredmedia":[{"embeddable":true,"href":"https:\/\/hidroelectric.cl\/sitio\/wp-json\/wp\/v2\/media\/16989"}],"wp:attachment":[{"href":"https:\/\/hidroelectric.cl\/sitio\/wp-json\/wp\/v2\/media?parent=16988"}],"wp:term":[{"taxonomy":"product_cat","embeddable":true,"href":"https:\/\/hidroelectric.cl\/sitio\/wp-json\/wp\/v2\/product_cat?post=16988"},{"taxonomy":"product_tag","embeddable":true,"href":"https:\/\/hidroelectric.cl\/sitio\/wp-json\/wp\/v2\/product_tag?post=16988"}],"curies":[{"name":"wp","href":"https:\/\/api.w.org\/{rel}","templated":true}]}}