{"id":17019,"date":"2021-11-24T15:00:43","date_gmt":"2021-11-24T15:00:43","guid":{"rendered":"https:\/\/hidroelectric.cl\/sitio\/?post_type=product&#038;p=17019"},"modified":"2023-06-01T18:40:49","modified_gmt":"2023-06-01T18:40:49","slug":"filtro-piscina-fkp-filterkit-plus-620-6lt-espa","status":"publish","type":"product","link":"https:\/\/hidroelectric.cl\/sitio\/producto\/filtro-piscina-fkp-filterkit-plus-620-6lt-espa\/","title":{"rendered":"FILTRO PISCINA FKP (FilterKit Plus) 620 6LT ESPA"},"content":{"rendered":"<p>Filtro piscina modelo FKP (FilterKit Plus) 620, marca ESPA. Procedencia Espa\u00f1a.<\/p>\n<h6><strong>DESCRIPCI\u00d3N\u00a0<\/strong><\/h6>\n<p><span>Filtro de arena para la filtraci\u00f3n de agua. Filterkit Plus (Piscina, Hidromasaje y Spa). Filtro con v\u00e1lvula lateral de 6 v\u00edas, man\u00f3metro y purga de aire. Fabricado en polipropileno resistente a agentes qu\u00edmicos y atmosf\u00e9ricos. Inyectado con las dos mitades unidas mediante soldadura t\u00e9rmica. Dise\u00f1ado para el uso de tratamiento de agua.<\/span><\/p>\n<p><strong>*Filtro ideal para depurar aguas de piscinas enterradas.<\/strong><\/p>\n<p><strong>Caracter\u00edsticas y beneficios<\/strong><\/p>\n<ul>\n<li>Presi\u00f3n de servicio 2,5 bar; presi\u00f3n m\u00e1xima 3,5 bar.<\/li>\n<li>Conexi\u00f3n con v\u00e1lvula de 6 v\u00edas 1\u00bd\u201d para 620 mm.<\/li>\n<li>Equipado con man\u00f3metro y purga de aire.<\/li>\n<li><strong>Doble drenaje<\/strong><span>\u00a0<\/span>en la parte inferior del filtro: 1\u00bd\u201d para vaciado total del filtro; 1\/2\u201d para vaciado del agua sin p\u00e9rdida de arena.<\/li>\n<li>Tapa transparente para facilitar la inspecci\u00f3n del filtro en versi\u00f3n lateral.<\/li>\n<li>Presi\u00f3n m\u00e1xima de trabajo 5 bar.<\/li>\n<li>Uni\u00f3n de tapa filtro mediante cierre roscado antibloqueo<\/li>\n<\/ul>\n<p><strong>Funcionamiento hidr\u00e1ulico<\/strong><\/p>\n<ul>\n<li>Di\u00e1metro: 620mm.<\/li>\n<li>Caudal (m3\/h): 14<\/li>\n<li>Volumen piscina (m3): 120<\/li>\n<li>Volumen de agua (m3) hasta: 176<\/li>\n<li>Carga de arena (kg.): 145<\/li>\n<\/ul>\n<p><strong>\u00a0<\/strong><\/p>\n<p>&nbsp;<\/p>\n","protected":false},"excerpt":{"rendered":"<p>Filtro piscina modelo FKP (FilterKit Plus) 620, marca ESPA. Procedencia Espa\u00f1a. DESCRIPCI\u00d3N\u00a0 Filtro de arena para la filtraci\u00f3n de agua. Filterkit Plus (Piscina, Hidromasaje y Spa). Filtro con v\u00e1lvula lateral de 6 v\u00edas, man\u00f3metro y purga de aire. Fabricado en polipropileno resistente a agentes qu\u00edmicos y atmosf\u00e9ricos. Inyectado con las [&hellip;]<\/p>\n","protected":false},"featured_media":17020,"comment_status":"open","ping_status":"closed","template":"","meta":[],"product_brand":[],"product_cat":[190],"product_tag":[19,123,124],"class_list":{"0":"post-17019","1":"product","2":"type-product","3":"status-publish","4":"has-post-thumbnail","6":"product_cat-piscina","7":"product_tag-filtro","8":"product_tag-filtro-espa","9":"product_tag-filtro-piscina","11":"first","12":"instock","13":"taxable","14":"shipping-taxable","15":"purchasable","16":"product-type-simple"},"_links":{"self":[{"href":"https:\/\/hidroelectric.cl\/sitio\/wp-json\/wp\/v2\/product\/17019","targetHints":{"allow":["GET"]}}],"collection":[{"href":"https:\/\/hidroelectric.cl\/sitio\/wp-json\/wp\/v2\/product"}],"about":[{"href":"https:\/\/hidroelectric.cl\/sitio\/wp-json\/wp\/v2\/types\/product"}],"replies":[{"embeddable":true,"href":"https:\/\/hidroelectric.cl\/sitio\/wp-json\/wp\/v2\/comments?post=17019"}],"version-history":[{"count":1,"href":"https:\/\/hidroelectric.cl\/sitio\/wp-json\/wp\/v2\/product\/17019\/revisions"}],"predecessor-version":[{"id":17024,"href":"https:\/\/hidroelectric.cl\/sitio\/wp-json\/wp\/v2\/product\/17019\/revisions\/17024"}],"wp:featuredmedia":[{"embeddable":true,"href":"https:\/\/hidroelectric.cl\/sitio\/wp-json\/wp\/v2\/media\/17020"}],"wp:attachment":[{"href":"https:\/\/hidroelectric.cl\/sitio\/wp-json\/wp\/v2\/media?parent=17019"}],"wp:term":[{"taxonomy":"product_brand","embeddable":true,"href":"https:\/\/hidroelectric.cl\/sitio\/wp-json\/wp\/v2\/product_brand?post=17019"},{"taxonomy":"product_cat","embeddable":true,"href":"https:\/\/hidroelectric.cl\/sitio\/wp-json\/wp\/v2\/product_cat?post=17019"},{"taxonomy":"product_tag","embeddable":true,"href":"https:\/\/hidroelectric.cl\/sitio\/wp-json\/wp\/v2\/product_tag?post=17019"}],"curies":[{"name":"wp","href":"https:\/\/api.w.org\/{rel}","templated":true}]}}