{"id":17027,"date":"2021-12-07T15:35:49","date_gmt":"2021-12-07T15:35:49","guid":{"rendered":"https:\/\/hidroelectric.cl\/sitio\/?post_type=product&#038;p=17027"},"modified":"2024-06-05T03:37:35","modified_gmt":"2024-06-05T03:37:35","slug":"filtro-piscina-fkp-filterkit-base-450-6tp-espa","status":"publish","type":"product","link":"https:\/\/hidroelectric.cl\/sitio\/producto\/filtro-piscina-fkp-filterkit-base-450-6tp-espa\/","title":{"rendered":"FILTRO PISCINA FKP (FilterKit Base) 450 6TP ESPA"},"content":{"rendered":"<p>Filtro piscina FKB 450 6TP, marca ESPA procedencia Espa\u00f1a<\/p>\n<p><strong>Descripci\u00f3n<\/strong><\/p>\n<p>Filtro con v\u00e1lvula fabricado en polietileno resistente a agentes qu\u00edmicos y atmosf\u00e9ricos. Moldeado de una sola pieza, con pie integrado en el filtro. Con v\u00e1lvula Top de 6 v\u00edas.<\/p>\n<p><strong>Caracter\u00edsticas<\/strong><\/p>\n<ul>\n<li>Presi\u00f3n de servicio 2 bar; presi\u00f3n m\u00e1xima 2,5 bar.<\/li>\n<li>Conexi\u00f3n con v\u00e1lvula Top de 6 v\u00edas 1 1\/2&#8243;.<\/li>\n<li>Equipado con man\u00f3metro y purga de aire.<\/li>\n<li>Doble drenaje en la parte inferior del filtro: 1\/2&#8243; para vaciado total del filtro; 1\/4&#8243; para vaciado del agua sin p\u00e9rdida de arena.<\/li>\n<li>Tapa transparente para facilitar la inspecci\u00f3n del filtro.<\/li>\n<li>Uni\u00f3n de la tapa al filtro mediante Clamp 177mm de di\u00e1metro.<\/li>\n<li>Carga de arena 75 kilos.<\/li>\n<\/ul>\n","protected":false},"excerpt":{"rendered":"<p>Filtro piscina FKB 450 6TP, marca ESPA procedencia Espa\u00f1a Descripci\u00f3n Filtro con v\u00e1lvula fabricado en polietileno resistente a agentes qu\u00edmicos y atmosf\u00e9ricos. Moldeado de una sola pieza, con pie integrado en el filtro. Con v\u00e1lvula Top de 6 v\u00edas. Caracter\u00edsticas Presi\u00f3n de servicio 2 bar; presi\u00f3n m\u00e1xima 2,5 bar. Conexi\u00f3n [&hellip;]<\/p>\n","protected":false},"featured_media":17029,"comment_status":"open","ping_status":"closed","template":"","meta":[],"product_brand":[],"product_cat":[126,190],"product_tag":[19,124],"class_list":{"0":"post-17027","1":"product","2":"type-product","3":"status-publish","4":"has-post-thumbnail","6":"product_cat-liquidacion-final","7":"product_cat-piscina","8":"product_tag-filtro","9":"product_tag-filtro-piscina","11":"first","12":"instock","13":"sale","14":"taxable","15":"shipping-taxable","16":"purchasable","17":"product-type-simple"},"_links":{"self":[{"href":"https:\/\/hidroelectric.cl\/sitio\/wp-json\/wp\/v2\/product\/17027","targetHints":{"allow":["GET"]}}],"collection":[{"href":"https:\/\/hidroelectric.cl\/sitio\/wp-json\/wp\/v2\/product"}],"about":[{"href":"https:\/\/hidroelectric.cl\/sitio\/wp-json\/wp\/v2\/types\/product"}],"replies":[{"embeddable":true,"href":"https:\/\/hidroelectric.cl\/sitio\/wp-json\/wp\/v2\/comments?post=17027"}],"version-history":[{"count":2,"href":"https:\/\/hidroelectric.cl\/sitio\/wp-json\/wp\/v2\/product\/17027\/revisions"}],"predecessor-version":[{"id":17038,"href":"https:\/\/hidroelectric.cl\/sitio\/wp-json\/wp\/v2\/product\/17027\/revisions\/17038"}],"wp:featuredmedia":[{"embeddable":true,"href":"https:\/\/hidroelectric.cl\/sitio\/wp-json\/wp\/v2\/media\/17029"}],"wp:attachment":[{"href":"https:\/\/hidroelectric.cl\/sitio\/wp-json\/wp\/v2\/media?parent=17027"}],"wp:term":[{"taxonomy":"product_brand","embeddable":true,"href":"https:\/\/hidroelectric.cl\/sitio\/wp-json\/wp\/v2\/product_brand?post=17027"},{"taxonomy":"product_cat","embeddable":true,"href":"https:\/\/hidroelectric.cl\/sitio\/wp-json\/wp\/v2\/product_cat?post=17027"},{"taxonomy":"product_tag","embeddable":true,"href":"https:\/\/hidroelectric.cl\/sitio\/wp-json\/wp\/v2\/product_tag?post=17027"}],"curies":[{"name":"wp","href":"https:\/\/api.w.org\/{rel}","templated":true}]}}