{"id":17275,"date":"2022-05-30T15:45:38","date_gmt":"2022-05-30T15:45:38","guid":{"rendered":"https:\/\/hidroelectric.cl\/sitio\/?post_type=product&#038;p=17275"},"modified":"2024-02-12T16:42:18","modified_gmt":"2024-02-12T16:42:18","slug":"dispositivo-de-automatizacion-pressdrive-05","status":"publish","type":"product","link":"https:\/\/hidroelectric.cl\/sitio\/producto\/dispositivo-de-automatizacion-pressdrive-05\/","title":{"rendered":"DISPOSITIVO DE AUTOMATIZACI\u00d3N PRESSDRIVE 05"},"content":{"rendered":"<p>Dispositivo de automatizaci\u00f3n, modelo PRESSDRIVE 05, marca ESPA. Procedencia Espa\u00f1a.<\/p>\n<p>Descripci\u00f3n<\/p>\n<p><strong>Dispositivo para arranque y paro autom\u00e1tico.<\/strong><\/p>\n<p>Descripci\u00f3n.<\/p>\n<p>Ensamblado en una bomba, arranca y para autom\u00e1ticamente seg\u00fan demanda de agua.<\/p>\n<ul>\n<li>Presi\u00f3n de arranque regulable entre 1,5 y 2,5 bar.<\/li>\n<li>Voltaje: 230V<\/li>\n<li>Presi\u00f3n m\u00e1xima de trabajo: 10 bar.<\/li>\n<li>Temperatura del l\u00edquido: 40\u00b0C (m\u00e1x.)<\/li>\n<li>Di\u00e1metro de aspiraci\u00f3n e impulsi\u00f3n: 1&#8243;<\/li>\n<li>Altitud m\u00e1xima: 1.500m.<\/li>\n<li>Conexi\u00f3n aspiraci\u00f3n: Rosca (racord 3 piezas)<\/li>\n<li>Conexi\u00f3n impulsi\u00f3n: Rosca<\/li>\n<\/ul>\n<p>Materiales<\/p>\n<ul>\n<li>Componente de pl\u00e1stico en Tecnopol\u00edmero.<\/li>\n<li>Membrana interior en EPDM<\/li>\n<\/ul>\n<p>Equipamiento<\/p>\n<ul>\n<li>V\u00e1lvula de retenci\u00f3n incorporada<\/li>\n<li>Uniones incluidas<\/li>\n<li><strong>Modelo NP incluye cables, sin enchufe.<\/strong><\/li>\n<li>Funci\u00f3n contra funcionamiento en seco.<\/li>\n<li>Funci\u00f3n de rearme autom\u00e1tico. RESET<\/li>\n<\/ul>\n<p>&nbsp;<\/p>\n","protected":false},"excerpt":{"rendered":"<p>Dispositivo de automatizaci\u00f3n, modelo PRESSDRIVE 05, marca ESPA. Procedencia Espa\u00f1a. Descripci\u00f3n Dispositivo para arranque y paro autom\u00e1tico. Descripci\u00f3n. Ensamblado en una bomba, arranca y para autom\u00e1ticamente seg\u00fan demanda de agua. Presi\u00f3n de arranque regulable entre 1,5 y 2,5 bar. Voltaje: 230V Presi\u00f3n m\u00e1xima de trabajo: 10 bar. Temperatura del l\u00edquido: [&hellip;]<\/p>\n","protected":false},"featured_media":17277,"comment_status":"open","ping_status":"closed","template":"","meta":[],"product_cat":[34],"product_tag":[160,15,161],"class_list":["post-17275","product","type-product","status-publish","has-post-thumbnail","hentry","product_cat-electromecanica-e-hidraulica","product_tag-automatizacion","product_tag-espa","product_tag-pressdrive-05"],"_links":{"self":[{"href":"https:\/\/hidroelectric.cl\/sitio\/wp-json\/wp\/v2\/product\/17275","targetHints":{"allow":["GET"]}}],"collection":[{"href":"https:\/\/hidroelectric.cl\/sitio\/wp-json\/wp\/v2\/product"}],"about":[{"href":"https:\/\/hidroelectric.cl\/sitio\/wp-json\/wp\/v2\/types\/product"}],"replies":[{"embeddable":true,"href":"https:\/\/hidroelectric.cl\/sitio\/wp-json\/wp\/v2\/comments?post=17275"}],"wp:featuredmedia":[{"embeddable":true,"href":"https:\/\/hidroelectric.cl\/sitio\/wp-json\/wp\/v2\/media\/17277"}],"wp:attachment":[{"href":"https:\/\/hidroelectric.cl\/sitio\/wp-json\/wp\/v2\/media?parent=17275"}],"wp:term":[{"taxonomy":"product_cat","embeddable":true,"href":"https:\/\/hidroelectric.cl\/sitio\/wp-json\/wp\/v2\/product_cat?post=17275"},{"taxonomy":"product_tag","embeddable":true,"href":"https:\/\/hidroelectric.cl\/sitio\/wp-json\/wp\/v2\/product_tag?post=17275"}],"curies":[{"name":"wp","href":"https:\/\/api.w.org\/{rel}","templated":true}]}}