{"id":17524,"date":"2023-04-13T13:29:29","date_gmt":"2023-04-13T13:29:29","guid":{"rendered":"https:\/\/hidroelectric.cl\/sitio\/?post_type=product&#038;p=17524"},"modified":"2024-02-12T17:05:51","modified_gmt":"2024-02-12T17:05:51","slug":"valvula-de-pie-1","status":"publish","type":"product","link":"https:\/\/hidroelectric.cl\/sitio\/producto\/valvula-de-pie-1\/","title":{"rendered":"V\u00c1LVULA DE PIE 1&#8243;"},"content":{"rendered":"<p>V\u00e1lvula de pie 1&#8243;, marca EUROPA<\/p>\n<p>Descripci\u00f3n<\/p>\n<p>Una de las ventajas de esta v\u00e1lvula de pie es su utilidad para manejar el agua de pozo, ya que retiene el l\u00edquido bombeado para que no baje de la ca\u00f1er\u00eda. Otro de los beneficios que encontrar\u00e1s con el producto es que evita que tengas que cebar la bomba cada vez que entra en funcionamiento. Adem\u00e1s, el canastillo elimina las impurezas mayores.<\/p>\n<p>Si el fluido presenta impurezas (suciedad, polvo o excesiva dureza del agua), hay que eliminarlas o filtrarlas, ya que podr\u00edan interferir en la zona de ret\u00e9n goma-metal y perjudicar el funcionamiento de la v\u00e1lvula.<\/p>\n<p>Caracter\u00edsticas<\/p>\n<p>Entre las caracter\u00edsticas de la v\u00e1lvula se encuentra que tiene una doble funci\u00f3n, que es la retenci\u00f3n y filtro de impurezas mayores que luego son eliminadas por el canastillo. Esta es una v\u00e1lvula de bronce con rejilla en acero inoxidable para evitar una posible oxidaci\u00f3n o corrosi\u00f3n. Para el optimo rendimiento y trabajo de la v\u00e1lvula, se recomienda verificar peri\u00f3dicamente su funcionamiento.<\/p>\n<ul>\n<li>Medida: 1&#8243; (DN25)<\/li>\n<li>Presi\u00f3n: 25 bar \/ 362,5 psi<\/li>\n<li>Temperatura m\u00e1x.: +90\u00b0C<\/li>\n<\/ul>\n<p>&nbsp;<\/p>\n<p>&nbsp;<\/p>\n<p>&nbsp;<\/p>\n","protected":false},"excerpt":{"rendered":"<p>V\u00e1lvula de pie 1&#8243;, marca EUROPA Descripci\u00f3n Una de las ventajas de esta v\u00e1lvula de pie es su utilidad para manejar el agua de pozo, ya que retiene el l\u00edquido bombeado para que no baje de la ca\u00f1er\u00eda. Otro de los beneficios que encontrar\u00e1s con el producto es que evita [&hellip;]<\/p>\n","protected":false},"featured_media":17525,"comment_status":"open","ping_status":"closed","template":"","meta":[],"product_brand":[],"product_cat":[190,56],"product_tag":[78],"class_list":{"0":"post-17524","1":"product","2":"type-product","3":"status-publish","4":"has-post-thumbnail","6":"product_cat-piscina","7":"product_cat-valvulas-y-pvc","8":"product_tag-valvula-de-pie","10":"first","11":"instock","12":"taxable","13":"shipping-taxable","14":"purchasable","15":"product-type-simple"},"_links":{"self":[{"href":"https:\/\/hidroelectric.cl\/sitio\/wp-json\/wp\/v2\/product\/17524","targetHints":{"allow":["GET"]}}],"collection":[{"href":"https:\/\/hidroelectric.cl\/sitio\/wp-json\/wp\/v2\/product"}],"about":[{"href":"https:\/\/hidroelectric.cl\/sitio\/wp-json\/wp\/v2\/types\/product"}],"replies":[{"embeddable":true,"href":"https:\/\/hidroelectric.cl\/sitio\/wp-json\/wp\/v2\/comments?post=17524"}],"version-history":[{"count":0,"href":"https:\/\/hidroelectric.cl\/sitio\/wp-json\/wp\/v2\/product\/17524\/revisions"}],"wp:featuredmedia":[{"embeddable":true,"href":"https:\/\/hidroelectric.cl\/sitio\/wp-json\/wp\/v2\/media\/17525"}],"wp:attachment":[{"href":"https:\/\/hidroelectric.cl\/sitio\/wp-json\/wp\/v2\/media?parent=17524"}],"wp:term":[{"taxonomy":"product_brand","embeddable":true,"href":"https:\/\/hidroelectric.cl\/sitio\/wp-json\/wp\/v2\/product_brand?post=17524"},{"taxonomy":"product_cat","embeddable":true,"href":"https:\/\/hidroelectric.cl\/sitio\/wp-json\/wp\/v2\/product_cat?post=17524"},{"taxonomy":"product_tag","embeddable":true,"href":"https:\/\/hidroelectric.cl\/sitio\/wp-json\/wp\/v2\/product_tag?post=17524"}],"curies":[{"name":"wp","href":"https:\/\/api.w.org\/{rel}","templated":true}]}}