{"id":17539,"date":"2023-05-15T16:45:00","date_gmt":"2023-05-15T16:45:00","guid":{"rendered":"https:\/\/hidroelectric.cl\/sitio\/?post_type=product&#038;p=17539"},"modified":"2023-06-01T18:37:23","modified_gmt":"2023-06-01T18:37:23","slug":"estanque-para-quimicos-150-litros","status":"publish","type":"product","link":"https:\/\/hidroelectric.cl\/sitio\/producto\/estanque-para-quimicos-150-litros\/","title":{"rendered":"ESTANQUE PARA QU\u00cdMICOS 150 LITROS"},"content":{"rendered":"<p><strong>Descripci\u00f3n.<\/strong><\/p>\n<p><span>El estanque es especialmente dise\u00f1ado para la acumulaci\u00f3n de productos qu\u00edmicos, pesticidas y fertilizantes con tapa rosca antiderrame, graduado y de color blanco transl\u00facido, con superficie inclinada para incorporaci\u00f3n de agitador. S<\/span>uperficie plana para la instalaci\u00f3n de bombas dosificadoras y graduaci\u00f3n incorporada.<\/p>\n<p>Aplicaciones<\/p>\n<ul>\n<li>Apto para sector alimenticio.<\/li>\n<li>Apto para sector de productos peligrosos.<\/li>\n<li>Alta resistencia a las agresiones qu\u00edmicas y clim\u00e1ticas.<\/li>\n<li>Cuerpo monoblock de mayor resistencia y sin riesgos de filtraci\u00f3n.<\/li>\n<li>Material 100% reciclable.<\/li>\n<\/ul>\n<p>Caracter\u00edsticas<\/p>\n<ul>\n<li>El estanque para qu\u00edmicos tiene una capacidad para 150 litros.<\/li>\n<li>Su alto es de 910mm.<\/li>\n<li>Su ancho es de 510mm.<\/li>\n<li>Posee una tapa atornillada.<\/li>\n<li>El estanque para qu\u00edmicos es utilizado sobre superficie.<\/li>\n<li>La temperatura del l\u00edquido a almacenar debe ser siempre inferior a 60\u00b0C.<\/li>\n<\/ul>\n<p>&nbsp;<\/p>\n","protected":false},"excerpt":{"rendered":"<p>Descripci\u00f3n. El estanque es especialmente dise\u00f1ado para la acumulaci\u00f3n de productos qu\u00edmicos, pesticidas y fertilizantes con tapa rosca antiderrame, graduado y de color blanco transl\u00facido, con superficie inclinada para incorporaci\u00f3n de agitador. Superficie plana para la instalaci\u00f3n de bombas dosificadoras y graduaci\u00f3n incorporada. Aplicaciones Apto para sector alimenticio. Apto para [&hellip;]<\/p>\n","protected":false},"featured_media":17540,"comment_status":"open","ping_status":"closed","template":"","meta":[],"product_brand":[],"product_cat":[190],"product_tag":[187,168],"class_list":{"0":"post-17539","1":"product","2":"type-product","3":"status-publish","4":"has-post-thumbnail","6":"product_cat-piscina","7":"product_tag-estanque-quimicos","8":"product_tag-estanque-vertical","10":"first","11":"instock","12":"taxable","13":"shipping-taxable","14":"purchasable","15":"product-type-simple"},"_links":{"self":[{"href":"https:\/\/hidroelectric.cl\/sitio\/wp-json\/wp\/v2\/product\/17539","targetHints":{"allow":["GET"]}}],"collection":[{"href":"https:\/\/hidroelectric.cl\/sitio\/wp-json\/wp\/v2\/product"}],"about":[{"href":"https:\/\/hidroelectric.cl\/sitio\/wp-json\/wp\/v2\/types\/product"}],"replies":[{"embeddable":true,"href":"https:\/\/hidroelectric.cl\/sitio\/wp-json\/wp\/v2\/comments?post=17539"}],"version-history":[{"count":0,"href":"https:\/\/hidroelectric.cl\/sitio\/wp-json\/wp\/v2\/product\/17539\/revisions"}],"wp:featuredmedia":[{"embeddable":true,"href":"https:\/\/hidroelectric.cl\/sitio\/wp-json\/wp\/v2\/media\/17540"}],"wp:attachment":[{"href":"https:\/\/hidroelectric.cl\/sitio\/wp-json\/wp\/v2\/media?parent=17539"}],"wp:term":[{"taxonomy":"product_brand","embeddable":true,"href":"https:\/\/hidroelectric.cl\/sitio\/wp-json\/wp\/v2\/product_brand?post=17539"},{"taxonomy":"product_cat","embeddable":true,"href":"https:\/\/hidroelectric.cl\/sitio\/wp-json\/wp\/v2\/product_cat?post=17539"},{"taxonomy":"product_tag","embeddable":true,"href":"https:\/\/hidroelectric.cl\/sitio\/wp-json\/wp\/v2\/product_tag?post=17539"}],"curies":[{"name":"wp","href":"https:\/\/api.w.org\/{rel}","templated":true}]}}