{"id":17586,"date":"2023-10-24T16:21:17","date_gmt":"2023-10-24T16:21:17","guid":{"rendered":"https:\/\/hidroelectric.cl\/sitio\/?post_type=product&#038;p=17586"},"modified":"2024-02-12T17:00:45","modified_gmt":"2024-02-12T17:00:45","slug":"boya-de-pvc-150mm","status":"publish","type":"product","link":"https:\/\/hidroelectric.cl\/sitio\/producto\/boya-de-pvc-150mm\/","title":{"rendered":"BOYA DE PVC 150mm"},"content":{"rendered":"<p>Boya de PVC 150mm. Flotador con prensa ajustable.<\/p>\n<p><strong>Caracter\u00edsticas<\/strong><\/p>\n<ul>\n<li>Aplicaciones: Impulsi\u00f3n y drenaje agua limpia<\/li>\n<li>Di\u00e1metro: 150mm<\/li>\n<li>Conexi\u00f3n: para prensa<\/li>\n<li>Material: HDPE &#8211; ASIS 304<\/li>\n<li>Usos: Dom\u00e9stico, comercial, habitacional, obras civiles, energ\u00edas sanitarias.<\/li>\n<\/ul>\n<p><span style=\"color: #000080\"><strong>*SE RECOMIENDA UTILIZAR CON V\u00c1LVULA FLOTANTE DE 1&#8243;*<\/strong><\/span><\/p>\n","protected":false},"excerpt":{"rendered":"<p>Boya de PVC 150mm. Flotador con prensa ajustable. Caracter\u00edsticas Aplicaciones: Impulsi\u00f3n y drenaje agua limpia Di\u00e1metro: 150mm Conexi\u00f3n: para prensa Material: HDPE &#8211; ASIS 304 Usos: Dom\u00e9stico, comercial, habitacional, obras civiles, energ\u00edas sanitarias. *SE RECOMIENDA UTILIZAR CON V\u00c1LVULA FLOTANTE DE 1&#8243;*<\/p>\n","protected":false},"featured_media":17587,"comment_status":"open","ping_status":"closed","template":"","meta":[],"product_brand":[],"product_cat":[34,56],"product_tag":[183],"class_list":{"0":"post-17586","1":"product","2":"type-product","3":"status-publish","4":"has-post-thumbnail","6":"product_cat-electromecanica-e-hidraulica","7":"product_cat-valvulas-y-pvc","8":"product_tag-boya","10":"first","11":"instock","12":"taxable","13":"shipping-taxable","14":"purchasable","15":"product-type-simple"},"_links":{"self":[{"href":"https:\/\/hidroelectric.cl\/sitio\/wp-json\/wp\/v2\/product\/17586","targetHints":{"allow":["GET"]}}],"collection":[{"href":"https:\/\/hidroelectric.cl\/sitio\/wp-json\/wp\/v2\/product"}],"about":[{"href":"https:\/\/hidroelectric.cl\/sitio\/wp-json\/wp\/v2\/types\/product"}],"replies":[{"embeddable":true,"href":"https:\/\/hidroelectric.cl\/sitio\/wp-json\/wp\/v2\/comments?post=17586"}],"version-history":[{"count":1,"href":"https:\/\/hidroelectric.cl\/sitio\/wp-json\/wp\/v2\/product\/17586\/revisions"}],"predecessor-version":[{"id":17588,"href":"https:\/\/hidroelectric.cl\/sitio\/wp-json\/wp\/v2\/product\/17586\/revisions\/17588"}],"wp:featuredmedia":[{"embeddable":true,"href":"https:\/\/hidroelectric.cl\/sitio\/wp-json\/wp\/v2\/media\/17587"}],"wp:attachment":[{"href":"https:\/\/hidroelectric.cl\/sitio\/wp-json\/wp\/v2\/media?parent=17586"}],"wp:term":[{"taxonomy":"product_brand","embeddable":true,"href":"https:\/\/hidroelectric.cl\/sitio\/wp-json\/wp\/v2\/product_brand?post=17586"},{"taxonomy":"product_cat","embeddable":true,"href":"https:\/\/hidroelectric.cl\/sitio\/wp-json\/wp\/v2\/product_cat?post=17586"},{"taxonomy":"product_tag","embeddable":true,"href":"https:\/\/hidroelectric.cl\/sitio\/wp-json\/wp\/v2\/product_tag?post=17586"}],"curies":[{"name":"wp","href":"https:\/\/api.w.org\/{rel}","templated":true}]}}