{"id":259,"date":"2018-08-06T13:39:48","date_gmt":"2018-08-06T13:39:48","guid":{"rendered":"https:\/\/hidroelectric.cl\/sitio\/?post_type=product&#038;p=259"},"modified":"2023-01-25T13:52:34","modified_gmt":"2023-01-25T13:52:34","slug":"controlador-electronico-de-presion-autopress-16","status":"publish","type":"product","link":"https:\/\/hidroelectric.cl\/sitio\/producto\/controlador-electronico-de-presion-autopress-16\/","title":{"rendered":"CONTROLADOR ELECTR\u00d3NICO DE PRESI\u00d3N AUTOPRESS 16"},"content":{"rendered":"<p>DESCRIPCI\u00d3N<\/p>\n<p>Para optimizar las instalaciones hidr\u00e1ulicas, requieres de herramientas que te ayuden a mantenerlas funcionando de manera adecuada. Pensando en ello, el CONTROLADOR ELECTR\u00d3NICO DE PRESI\u00d3N ser\u00e1 de gran ayuda para evitar problemas en redes de agua de 1 pulgada de di\u00e1metro, gracias a que facilita el flujo de liquido presente.<\/p>\n<p>CARACTER\u00cdSTICAS:<\/p>\n<p><span>Este controlador protege tus bombas de agua en situaciones en que exista ausencia de ella. Es compacto, de instalaci\u00f3n sencilla y altamente confiable. Funciona poniendo en marcha y desconectando tu equipo seg\u00fan la apertura o cierre de la canilla, mediante la detecci\u00f3n del flujo que pasa a trav\u00e9s de ella. Esto ayuda a mantener la presi\u00f3n constante durante el funcionamiento.<\/span><\/p>\n<p>DATOS T\u00c9CNICOS:<\/p>\n<ul>\n<li>Presi\u00f3n: 10 bar.<\/li>\n<li>Voltaje: 220V<\/li>\n<li>Frecuencia: 50\/60Hz<\/li>\n<li>Corriente m\u00e1xima: 8A<\/li>\n<li>Potencia m\u00e1xima: 1,5kW (2HP)<\/li>\n<li>Indice de protecci\u00f3n: IP65<\/li>\n<li>Temperatura m\u00e1xima: 65\u00b0C<\/li>\n<li>Di\u00e1metro de descarga: 1&#8243;<\/li>\n<li>Di\u00e1metro de entrada de succi\u00f3n: 1&#8243;<\/li>\n<\/ul>\n","protected":false},"excerpt":{"rendered":"<p>DESCRIPCI\u00d3N Para optimizar las instalaciones hidr\u00e1ulicas, requieres de herramientas que te ayuden a mantenerlas funcionando de manera adecuada. Pensando en ello, el CONTROLADOR ELECTR\u00d3NICO DE PRESI\u00d3N ser\u00e1 de gran ayuda para evitar problemas en redes de agua de 1 pulgada de di\u00e1metro, gracias a que facilita el flujo de liquido [&hellip;]<\/p>\n","protected":false},"featured_media":261,"comment_status":"open","ping_status":"closed","template":"","meta":[],"product_brand":[],"product_cat":[34],"product_tag":[],"class_list":{"0":"post-259","1":"product","2":"type-product","3":"status-publish","4":"has-post-thumbnail","6":"product_cat-electromecanica-e-hidraulica","8":"first","9":"instock","10":"taxable","11":"shipping-taxable","12":"purchasable","13":"product-type-simple"},"_links":{"self":[{"href":"https:\/\/hidroelectric.cl\/sitio\/wp-json\/wp\/v2\/product\/259","targetHints":{"allow":["GET"]}}],"collection":[{"href":"https:\/\/hidroelectric.cl\/sitio\/wp-json\/wp\/v2\/product"}],"about":[{"href":"https:\/\/hidroelectric.cl\/sitio\/wp-json\/wp\/v2\/types\/product"}],"replies":[{"embeddable":true,"href":"https:\/\/hidroelectric.cl\/sitio\/wp-json\/wp\/v2\/comments?post=259"}],"version-history":[{"count":1,"href":"https:\/\/hidroelectric.cl\/sitio\/wp-json\/wp\/v2\/product\/259\/revisions"}],"predecessor-version":[{"id":10869,"href":"https:\/\/hidroelectric.cl\/sitio\/wp-json\/wp\/v2\/product\/259\/revisions\/10869"}],"wp:featuredmedia":[{"embeddable":true,"href":"https:\/\/hidroelectric.cl\/sitio\/wp-json\/wp\/v2\/media\/261"}],"wp:attachment":[{"href":"https:\/\/hidroelectric.cl\/sitio\/wp-json\/wp\/v2\/media?parent=259"}],"wp:term":[{"taxonomy":"product_brand","embeddable":true,"href":"https:\/\/hidroelectric.cl\/sitio\/wp-json\/wp\/v2\/product_brand?post=259"},{"taxonomy":"product_cat","embeddable":true,"href":"https:\/\/hidroelectric.cl\/sitio\/wp-json\/wp\/v2\/product_cat?post=259"},{"taxonomy":"product_tag","embeddable":true,"href":"https:\/\/hidroelectric.cl\/sitio\/wp-json\/wp\/v2\/product_tag?post=259"}],"curies":[{"name":"wp","href":"https:\/\/api.w.org\/{rel}","templated":true}]}}