{"id":353,"date":"2018-08-17T19:09:01","date_gmt":"2018-08-17T19:09:01","guid":{"rendered":"https:\/\/hidroelectric.cl\/sitio\/?post_type=product&#038;p=353"},"modified":"2022-06-15T17:41:00","modified_gmt":"2022-06-15T17:41:00","slug":"carcasa-plastica-para-guardamotor-abl-sursum","status":"publish","type":"product","link":"https:\/\/hidroelectric.cl\/sitio\/producto\/carcasa-plastica-para-guardamotor-abl-sursum\/","title":{"rendered":"CARCASA PL\u00c1STICA PARA GUARDAMOTOR ABL SURSUM"},"content":{"rendered":"<p>CARCASA PL\u00c1STICA SOBREPUESTA PARA GUARDAMOTOR marca ABL SURSUM modelo MS.G55<\/p>\n<p>Ficha T\u00e9cnica<\/p>\n<ul>\n<li>Material de la carcasa: Pl\u00e1stico<\/li>\n<li>Adecuado para PARADA DE EMERGENCIA: No<\/li>\n<li>Con tapa transparente: No<\/li>\n<li>Grado de protecci\u00f3n (IP): IP55<\/li>\n<\/ul>\n<p>&nbsp;<\/p>\n","protected":false},"excerpt":{"rendered":"<p>CARCASA PL\u00c1STICA SOBREPUESTA PARA GUARDAMOTOR marca ABL SURSUM modelo MS.G55 Ficha T\u00e9cnica Material de la carcasa: Pl\u00e1stico Adecuado para PARADA DE EMERGENCIA: No Con tapa transparente: No Grado de protecci\u00f3n (IP): IP55 &nbsp;<\/p>\n","protected":false},"featured_media":16969,"comment_status":"open","ping_status":"closed","template":"","meta":[],"product_brand":[],"product_cat":[34],"product_tag":[45],"class_list":{"0":"post-353","1":"product","2":"type-product","3":"status-publish","4":"has-post-thumbnail","6":"product_cat-electromecanica-e-hidraulica","7":"product_tag-guardamotor","9":"first","10":"instock","11":"taxable","12":"shipping-taxable","13":"purchasable","14":"product-type-simple"},"_links":{"self":[{"href":"https:\/\/hidroelectric.cl\/sitio\/wp-json\/wp\/v2\/product\/353","targetHints":{"allow":["GET"]}}],"collection":[{"href":"https:\/\/hidroelectric.cl\/sitio\/wp-json\/wp\/v2\/product"}],"about":[{"href":"https:\/\/hidroelectric.cl\/sitio\/wp-json\/wp\/v2\/types\/product"}],"replies":[{"embeddable":true,"href":"https:\/\/hidroelectric.cl\/sitio\/wp-json\/wp\/v2\/comments?post=353"}],"version-history":[{"count":2,"href":"https:\/\/hidroelectric.cl\/sitio\/wp-json\/wp\/v2\/product\/353\/revisions"}],"predecessor-version":[{"id":17343,"href":"https:\/\/hidroelectric.cl\/sitio\/wp-json\/wp\/v2\/product\/353\/revisions\/17343"}],"wp:featuredmedia":[{"embeddable":true,"href":"https:\/\/hidroelectric.cl\/sitio\/wp-json\/wp\/v2\/media\/16969"}],"wp:attachment":[{"href":"https:\/\/hidroelectric.cl\/sitio\/wp-json\/wp\/v2\/media?parent=353"}],"wp:term":[{"taxonomy":"product_brand","embeddable":true,"href":"https:\/\/hidroelectric.cl\/sitio\/wp-json\/wp\/v2\/product_brand?post=353"},{"taxonomy":"product_cat","embeddable":true,"href":"https:\/\/hidroelectric.cl\/sitio\/wp-json\/wp\/v2\/product_cat?post=353"},{"taxonomy":"product_tag","embeddable":true,"href":"https:\/\/hidroelectric.cl\/sitio\/wp-json\/wp\/v2\/product_tag?post=353"}],"curies":[{"name":"wp","href":"https:\/\/api.w.org\/{rel}","templated":true}]}}