{"id":453,"date":"2018-09-11T14:12:14","date_gmt":"2018-09-11T14:12:14","guid":{"rendered":"https:\/\/hidroelectric.cl\/sitio\/?post_type=product&#038;p=453"},"modified":"2024-06-05T03:43:00","modified_gmt":"2024-06-05T03:43:00","slug":"limpiafondo-manual-ovalado-pentair","status":"publish","type":"product","link":"https:\/\/hidroelectric.cl\/sitio\/producto\/limpiafondo-manual-ovalado-pentair\/","title":{"rendered":"LIMPIAFONDO MANUAL OVALADO PENTAIR"},"content":{"rendered":"<p>Limpiafondo manual ovalado marca PENTAIR modelo 191.<\/p>\n<p>Descripci\u00f3n<\/p>\n<p><span>Limpiafondos manual ovalado y con cepillos inferiores para hacer m\u00e1s efectiva la limpieza. Id\u00f3neo para piscinas desmontables con formas redondas u ovaladas. Sistema de fijaci\u00f3n a mango o p\u00e9rtiga mediante clip.<\/span><\/p>\n<p>Caracter\u00edsticas<\/p>\n<ul>\n<li>Material: ABS<\/li>\n<li>Tipo de fijaci\u00f3n: clip<\/li>\n<li>Tipo: manual<\/li>\n<\/ul>\n<p>*P\u00e9rtiga no incluida.<\/p>\n","protected":false},"excerpt":{"rendered":"<p>Limpiafondo manual ovalado marca PENTAIR modelo 191. Descripci\u00f3n Limpiafondos manual ovalado y con cepillos inferiores para hacer m\u00e1s efectiva la limpieza. Id\u00f3neo para piscinas desmontables con formas redondas u ovaladas. Sistema de fijaci\u00f3n a mango o p\u00e9rtiga mediante clip. Caracter\u00edsticas Material: ABS Tipo de fijaci\u00f3n: clip Tipo: manual *P\u00e9rtiga no [&hellip;]<\/p>\n","protected":false},"featured_media":456,"comment_status":"open","ping_status":"closed","template":"","meta":[],"product_brand":[],"product_cat":[126,190],"product_tag":[49],"class_list":{"0":"post-453","1":"product","2":"type-product","3":"status-publish","4":"has-post-thumbnail","6":"product_cat-liquidacion-final","7":"product_cat-piscina","8":"product_tag-limpiafondo","10":"first","11":"instock","12":"sale","13":"taxable","14":"shipping-taxable","15":"purchasable","16":"product-type-simple"},"_links":{"self":[{"href":"https:\/\/hidroelectric.cl\/sitio\/wp-json\/wp\/v2\/product\/453","targetHints":{"allow":["GET"]}}],"collection":[{"href":"https:\/\/hidroelectric.cl\/sitio\/wp-json\/wp\/v2\/product"}],"about":[{"href":"https:\/\/hidroelectric.cl\/sitio\/wp-json\/wp\/v2\/types\/product"}],"replies":[{"embeddable":true,"href":"https:\/\/hidroelectric.cl\/sitio\/wp-json\/wp\/v2\/comments?post=453"}],"version-history":[{"count":0,"href":"https:\/\/hidroelectric.cl\/sitio\/wp-json\/wp\/v2\/product\/453\/revisions"}],"wp:featuredmedia":[{"embeddable":true,"href":"https:\/\/hidroelectric.cl\/sitio\/wp-json\/wp\/v2\/media\/456"}],"wp:attachment":[{"href":"https:\/\/hidroelectric.cl\/sitio\/wp-json\/wp\/v2\/media?parent=453"}],"wp:term":[{"taxonomy":"product_brand","embeddable":true,"href":"https:\/\/hidroelectric.cl\/sitio\/wp-json\/wp\/v2\/product_brand?post=453"},{"taxonomy":"product_cat","embeddable":true,"href":"https:\/\/hidroelectric.cl\/sitio\/wp-json\/wp\/v2\/product_cat?post=453"},{"taxonomy":"product_tag","embeddable":true,"href":"https:\/\/hidroelectric.cl\/sitio\/wp-json\/wp\/v2\/product_tag?post=453"}],"curies":[{"name":"wp","href":"https:\/\/api.w.org\/{rel}","templated":true}]}}