{"id":608,"date":"2018-10-15T19:55:09","date_gmt":"2018-10-15T19:55:09","guid":{"rendered":"https:\/\/hidroelectric.cl\/sitio\/?post_type=product&#038;p=608"},"modified":"2024-02-12T17:41:59","modified_gmt":"2024-02-12T17:41:59","slug":"retorno-iml-hormigon-a-pegar-50mm","status":"publish","type":"product","link":"https:\/\/hidroelectric.cl\/sitio\/producto\/retorno-iml-hormigon-a-pegar-50mm\/","title":{"rendered":"RETORNO IML HORMIG\u00d3N A PEGAR 50MM"},"content":{"rendered":"<p><a href=\"https:\/\/hidroelectric.cl\/sitio\/wp-content\/uploads\/2018\/10\/35-big_default-1.jpg\"><img decoding=\"async\" src=\"https:\/\/hidroelectric.cl\/sitio\/wp-content\/uploads\/2018\/10\/35-big_default-1-300x136.jpg\" alt=\"\" width=\"300\" height=\"136\" class=\"alignnone size-medium wp-image-609\" srcset=\"https:\/\/hidroelectric.cl\/sitio\/wp-content\/uploads\/2018\/10\/35-big_default-1-300x136.jpg 300w, https:\/\/hidroelectric.cl\/sitio\/wp-content\/uploads\/2018\/10\/35-big_default-1.jpg 388w\" sizes=\"(max-width: 300px) 100vw, 300px\" \/><\/a><\/p>\n<p>Retorno para hormig\u00f3n a pegar, marca IML procedencia Espa\u00f1a.<\/p>\n<p>Descripci\u00f3n<\/p>\n<p><span>Retorno construido con ABS moldeado por inyecci\u00f3n y PVC, dise\u00f1ado tanto para piscina de hormig\u00f3n y vinilo. Estos peque\u00f1os accesorios juegan un papel importante en la circulaci\u00f3n del agua.<\/span><\/p>\n<p>Caracter\u00edstica<\/p>\n<ul>\n<li>Dimensiones: 9 X 5 cm.<\/li>\n<li>Materiales: pl\u00e1stico blanco ABS y PVC.<\/li>\n<\/ul>\n","protected":false},"excerpt":{"rendered":"<p>Retorno para hormig\u00f3n a pegar, marca IML procedencia Espa\u00f1a. Descripci\u00f3n Retorno construido con ABS moldeado por inyecci\u00f3n y PVC, dise\u00f1ado tanto para piscina de hormig\u00f3n y vinilo. Estos peque\u00f1os accesorios juegan un papel importante en la circulaci\u00f3n del agua. Caracter\u00edstica Dimensiones: 9 X 5 cm. Materiales: pl\u00e1stico blanco ABS y [&hellip;]<\/p>\n","protected":false},"featured_media":610,"comment_status":"open","ping_status":"closed","template":"","meta":[],"product_brand":[],"product_cat":[190],"product_tag":[67],"class_list":{"0":"post-608","1":"product","2":"type-product","3":"status-publish","4":"has-post-thumbnail","6":"product_cat-piscina","7":"product_tag-material-vaso","9":"first","10":"instock","11":"taxable","12":"shipping-taxable","13":"purchasable","14":"product-type-simple"},"_links":{"self":[{"href":"https:\/\/hidroelectric.cl\/sitio\/wp-json\/wp\/v2\/product\/608","targetHints":{"allow":["GET"]}}],"collection":[{"href":"https:\/\/hidroelectric.cl\/sitio\/wp-json\/wp\/v2\/product"}],"about":[{"href":"https:\/\/hidroelectric.cl\/sitio\/wp-json\/wp\/v2\/types\/product"}],"replies":[{"embeddable":true,"href":"https:\/\/hidroelectric.cl\/sitio\/wp-json\/wp\/v2\/comments?post=608"}],"version-history":[{"count":2,"href":"https:\/\/hidroelectric.cl\/sitio\/wp-json\/wp\/v2\/product\/608\/revisions"}],"predecessor-version":[{"id":611,"href":"https:\/\/hidroelectric.cl\/sitio\/wp-json\/wp\/v2\/product\/608\/revisions\/611"}],"wp:featuredmedia":[{"embeddable":true,"href":"https:\/\/hidroelectric.cl\/sitio\/wp-json\/wp\/v2\/media\/610"}],"wp:attachment":[{"href":"https:\/\/hidroelectric.cl\/sitio\/wp-json\/wp\/v2\/media?parent=608"}],"wp:term":[{"taxonomy":"product_brand","embeddable":true,"href":"https:\/\/hidroelectric.cl\/sitio\/wp-json\/wp\/v2\/product_brand?post=608"},{"taxonomy":"product_cat","embeddable":true,"href":"https:\/\/hidroelectric.cl\/sitio\/wp-json\/wp\/v2\/product_cat?post=608"},{"taxonomy":"product_tag","embeddable":true,"href":"https:\/\/hidroelectric.cl\/sitio\/wp-json\/wp\/v2\/product_tag?post=608"}],"curies":[{"name":"wp","href":"https:\/\/api.w.org\/{rel}","templated":true}]}}