{"id":692,"date":"2018-10-29T15:41:26","date_gmt":"2018-10-29T15:41:26","guid":{"rendered":"https:\/\/hidroelectric.cl\/sitio\/?post_type=product&#038;p=692"},"modified":"2023-07-12T14:37:30","modified_gmt":"2023-07-12T14:37:30","slug":"luces-led-sub-acuatico-intellibrite-5g-pentair","status":"publish","type":"product","link":"https:\/\/hidroelectric.cl\/sitio\/producto\/luces-led-sub-acuatico-intellibrite-5g-pentair\/","title":{"rendered":"LUCES LED SUB ACU\u00c1TICO INTELLIBRITE 5G PENTAIR"},"content":{"rendered":"<p><a href=\"https:\/\/hidroelectric.cl\/sitio\/wp-content\/uploads\/2018\/10\/pentair.png\"><img decoding=\"async\" src=\"https:\/\/hidroelectric.cl\/sitio\/wp-content\/uploads\/2018\/10\/pentair-300x94.png\" alt=\"\" width=\"300\" height=\"94\" class=\"alignnone size-medium wp-image-619\" srcset=\"https:\/\/hidroelectric.cl\/sitio\/wp-content\/uploads\/2018\/10\/pentair-300x94.png 300w, https:\/\/hidroelectric.cl\/sitio\/wp-content\/uploads\/2018\/10\/pentair.png 330w\" sizes=\"(max-width: 300px) 100vw, 300px\" \/><\/a><\/p>\n<p>Luces LED sub acu\u00e1tico IntelliBrite 5G marca PENTAIR<\/p>\n<p>Descripci\u00f3n<\/p>\n<p><span>Las luces IntelliBrite 5g combinan el ahorro de energ\u00eda inigualable con la intensidad y distribuci\u00f3n lum\u00ednica superior. El exclusivo dise\u00f1o puede adaptarse para crear un haz m\u00e1s grande y est\u00e1ndar o un patr\u00f3n m\u00e1s estrecho, seg\u00fan lo requiera su piscina.\u00a0\u00a0Usan un 86% menos de electricidad que las luces de piscina incandescentes y hal\u00f3genas.<\/span><\/p>\n<p>Caracter\u00edsticas<\/p>\n<ul>\n<li><span>La geometr\u00eda de lente superior y el dise\u00f1o exclusivo del reflector se combinan para crear un haz m\u00e1s amplio y una distribuci\u00f3n de luz m\u00e1s uniforme.<\/span><\/li>\n<li><span><span>La lente de la piscina se puede girar 180 grados para proporcionar un patr\u00f3n de haz ancho (est\u00e1ndar) o un patr\u00f3n de haz estrecho<\/span><\/span><\/li>\n<li><span><span>Compatible con nichos de pl\u00e1stico y acero inoxidable Pentair.<\/span><\/span><\/li>\n<li><span><span>Disponible en equivalencias incandescentes de 300W, 400W y 500W<\/span><\/span><\/li>\n<li><span><span>IntelliBrite 5g LED blanco usa solo 45-70 vatios.<\/span><\/span><\/li>\n<li><span><span>La luz de piscina LED blanca m\u00e1s brillante del mercado.<\/span><\/span><\/li>\n<li><span><span>La tecnolog\u00eda LED proporciona una vida \u00fatil m\u00e1s larga y hasta un 86% menos de energ\u00eda que las luces incandescentes comparables.<\/span><\/span><\/li>\n<li><span><span>Tecnolog\u00eda de estado s\u00f3lido sin filamento interno.<\/span><\/span><\/li>\n<li><span><span>Compatible con nuestros nichos de acero inoxidable y pl\u00e1stico.<\/span><\/span><\/li>\n<\/ul>\n<p>LE RECOMENDAMOS<\/p>\n<p><a href=\"https:\/\/hidroelectric.cl\/sitio\/wp-content\/uploads\/2018\/10\/intelliBrite-3.jpg\"><img fetchpriority=\"high\" decoding=\"async\" src=\"https:\/\/hidroelectric.cl\/sitio\/wp-content\/uploads\/2018\/10\/intelliBrite-3-300x240.jpg\" alt=\"\" width=\"300\" height=\"240\" class=\"alignnone size-medium wp-image-620\" srcset=\"https:\/\/hidroelectric.cl\/sitio\/wp-content\/uploads\/2018\/10\/intelliBrite-3-300x240.jpg 300w, https:\/\/hidroelectric.cl\/sitio\/wp-content\/uploads\/2018\/10\/intelliBrite-3.jpg 512w\" sizes=\"(max-width: 300px) 100vw, 300px\" \/><\/a><\/p>\n<p><a href=\"https:\/\/hidroelectric.cl\/sitio\/producto\/controlador-intellibrite-pentair-luces\/\">CONTROLADOR INTELLIBRITE<\/a><\/p>\n<p>&nbsp;<\/p>\n<p>&nbsp;<\/p>\n","protected":false},"excerpt":{"rendered":"<p>Luces LED sub acu\u00e1tico IntelliBrite 5G marca PENTAIR Descripci\u00f3n Las luces IntelliBrite 5g combinan el ahorro de energ\u00eda inigualable con la intensidad y distribuci\u00f3n lum\u00ednica superior. El exclusivo dise\u00f1o puede adaptarse para crear un haz m\u00e1s grande y est\u00e1ndar o un patr\u00f3n m\u00e1s estrecho, seg\u00fan lo requiera su piscina.\u00a0\u00a0Usan un [&hellip;]<\/p>\n","protected":false},"featured_media":700,"comment_status":"open","ping_status":"closed","template":"","meta":[],"product_brand":[],"product_cat":[190],"product_tag":[76],"class_list":{"0":"post-692","1":"product","2":"type-product","3":"status-publish","4":"has-post-thumbnail","6":"product_cat-piscina","7":"product_tag-luces","9":"first","10":"instock","11":"taxable","12":"shipping-taxable","13":"purchasable","14":"product-type-simple"},"_links":{"self":[{"href":"https:\/\/hidroelectric.cl\/sitio\/wp-json\/wp\/v2\/product\/692","targetHints":{"allow":["GET"]}}],"collection":[{"href":"https:\/\/hidroelectric.cl\/sitio\/wp-json\/wp\/v2\/product"}],"about":[{"href":"https:\/\/hidroelectric.cl\/sitio\/wp-json\/wp\/v2\/types\/product"}],"replies":[{"embeddable":true,"href":"https:\/\/hidroelectric.cl\/sitio\/wp-json\/wp\/v2\/comments?post=692"}],"version-history":[{"count":1,"href":"https:\/\/hidroelectric.cl\/sitio\/wp-json\/wp\/v2\/product\/692\/revisions"}],"predecessor-version":[{"id":699,"href":"https:\/\/hidroelectric.cl\/sitio\/wp-json\/wp\/v2\/product\/692\/revisions\/699"}],"wp:featuredmedia":[{"embeddable":true,"href":"https:\/\/hidroelectric.cl\/sitio\/wp-json\/wp\/v2\/media\/700"}],"wp:attachment":[{"href":"https:\/\/hidroelectric.cl\/sitio\/wp-json\/wp\/v2\/media?parent=692"}],"wp:term":[{"taxonomy":"product_brand","embeddable":true,"href":"https:\/\/hidroelectric.cl\/sitio\/wp-json\/wp\/v2\/product_brand?post=692"},{"taxonomy":"product_cat","embeddable":true,"href":"https:\/\/hidroelectric.cl\/sitio\/wp-json\/wp\/v2\/product_cat?post=692"},{"taxonomy":"product_tag","embeddable":true,"href":"https:\/\/hidroelectric.cl\/sitio\/wp-json\/wp\/v2\/product_tag?post=692"}],"curies":[{"name":"wp","href":"https:\/\/api.w.org\/{rel}","templated":true}]}}