{"id":833,"date":"2019-02-12T16:02:29","date_gmt":"2019-02-12T16:02:29","guid":{"rendered":"https:\/\/hidroelectric.cl\/sitio\/?post_type=product&#038;p=833"},"modified":"2023-10-04T15:57:12","modified_gmt":"2023-10-04T15:57:12","slug":"bomba-pileta-sumergible-300l-h-heissner","status":"publish","type":"product","link":"https:\/\/hidroelectric.cl\/sitio\/producto\/bomba-pileta-sumergible-300l-h-heissner\/","title":{"rendered":"BOMBA PILETA SUMERGIBLE 300L\/H HEISSNER"},"content":{"rendered":"<p>Bomba pileta sumergible 300 L\/h, marca HEISSNER procedencia Alemania.<\/p>\n<p>Descripci\u00f3n<\/p>\n<p>Con sistema \u00abByPass\u00bb que permiten periodos mas largos sin necesidad de limpieza en el estanque o pecera, esta bomba permite instalaci\u00f3n vertical u horizontal del motor. Con motor as\u00edncronos bobinados. Rendimiento y caracter\u00edsticas mejorados que permiten hasta un 50% de ahorro de energ\u00eda, el dise\u00f1o es elegante y limpio de las ECO-bombas tambi\u00e9n esta protegido por una cubierta de acero inoxidable curvo.<\/p>\n<p>Caracter\u00edsticas<\/p>\n<ul>\n<li>Caudal: 300 litros\/hora<\/li>\n<li>Potencia: 6W<\/li>\n<li>Altura m\u00e1xima: 0.5 mt.<\/li>\n<li>Medidas: largo 5.4cm x ancho 5.4cm x alto 5.2cm<\/li>\n<li>longitud cable: 1.5 mt.<\/li>\n<\/ul>\n","protected":false},"excerpt":{"rendered":"<p>Bomba pileta sumergible 300 L\/h, marca HEISSNER procedencia Alemania. Descripci\u00f3n Con sistema \u00abByPass\u00bb que permiten periodos mas largos sin necesidad de limpieza en el estanque o pecera, esta bomba permite instalaci\u00f3n vertical u horizontal del motor. Con motor as\u00edncronos bobinados. Rendimiento y caracter\u00edsticas mejorados que permiten hasta un 50% de [&hellip;]<\/p>\n","protected":false},"featured_media":834,"comment_status":"open","ping_status":"closed","template":"","meta":[],"product_brand":[],"product_cat":[68],"product_tag":[84],"class_list":{"0":"post-833","1":"product","2":"type-product","3":"status-publish","4":"has-post-thumbnail","6":"product_cat-riego","7":"product_tag-bomba-ornamental","9":"first","10":"instock","11":"taxable","12":"shipping-taxable","13":"purchasable","14":"product-type-simple"},"_links":{"self":[{"href":"https:\/\/hidroelectric.cl\/sitio\/wp-json\/wp\/v2\/product\/833","targetHints":{"allow":["GET"]}}],"collection":[{"href":"https:\/\/hidroelectric.cl\/sitio\/wp-json\/wp\/v2\/product"}],"about":[{"href":"https:\/\/hidroelectric.cl\/sitio\/wp-json\/wp\/v2\/types\/product"}],"replies":[{"embeddable":true,"href":"https:\/\/hidroelectric.cl\/sitio\/wp-json\/wp\/v2\/comments?post=833"}],"version-history":[{"count":1,"href":"https:\/\/hidroelectric.cl\/sitio\/wp-json\/wp\/v2\/product\/833\/revisions"}],"predecessor-version":[{"id":14313,"href":"https:\/\/hidroelectric.cl\/sitio\/wp-json\/wp\/v2\/product\/833\/revisions\/14313"}],"wp:featuredmedia":[{"embeddable":true,"href":"https:\/\/hidroelectric.cl\/sitio\/wp-json\/wp\/v2\/media\/834"}],"wp:attachment":[{"href":"https:\/\/hidroelectric.cl\/sitio\/wp-json\/wp\/v2\/media?parent=833"}],"wp:term":[{"taxonomy":"product_brand","embeddable":true,"href":"https:\/\/hidroelectric.cl\/sitio\/wp-json\/wp\/v2\/product_brand?post=833"},{"taxonomy":"product_cat","embeddable":true,"href":"https:\/\/hidroelectric.cl\/sitio\/wp-json\/wp\/v2\/product_cat?post=833"},{"taxonomy":"product_tag","embeddable":true,"href":"https:\/\/hidroelectric.cl\/sitio\/wp-json\/wp\/v2\/product_tag?post=833"}],"curies":[{"name":"wp","href":"https:\/\/api.w.org\/{rel}","templated":true}]}}